[INFO] cloning repository https://github.com/lachatak/rust_roulette
[INFO] running `Command { std: "git" "-c" "credential.helper=" "-c" "credential.helper=/workspace/cargo-home/bin/git-credential-null" "clone" "--bare" "https://github.com/lachatak/rust_roulette" "/workspace/cache/git-repos/https%3A%2F%2Fgithub.com%2Flachatak%2Frust_roulette", kill_on_drop: false }`
[INFO] [stderr] Cloning into bare repository '/workspace/cache/git-repos/https%3A%2F%2Fgithub.com%2Flachatak%2Frust_roulette'...
[INFO] running `Command { std: "git" "rev-parse" "HEAD", kill_on_drop: false }`
[INFO] [stdout] 56ea70ec878b2cd237e255d5ddc223363c9d46e8
[INFO] checking lachatak/rust_roulette against master#af3c6e733a40e671550e0f0f5aeecaa13772ba56 for pr-74989
[INFO] running `Command { std: "git" "clone" "/workspace/cache/git-repos/https%3A%2F%2Fgithub.com%2Flachatak%2Frust_roulette" "/workspace/builds/worker-8/source", kill_on_drop: false }`
[INFO] [stderr] Cloning into '/workspace/builds/worker-8/source'...
[INFO] [stderr] done.
[INFO] validating manifest of git repo https://github.com/lachatak/rust_roulette on toolchain af3c6e733a40e671550e0f0f5aeecaa13772ba56
[INFO] running `Command { std: "/workspace/cargo-home/bin/cargo" "+af3c6e733a40e671550e0f0f5aeecaa13772ba56" "read-manifest" "--manifest-path" "Cargo.toml", kill_on_drop: false }`
[INFO] started tweaking git repo https://github.com/lachatak/rust_roulette
[INFO] finished tweaking git repo https://github.com/lachatak/rust_roulette
[INFO] tweaked toml for git repo https://github.com/lachatak/rust_roulette written to /workspace/builds/worker-8/source/Cargo.toml
[INFO] crate git repo https://github.com/lachatak/rust_roulette already has a lockfile, it will not be regenerated
[INFO] running `Command { std: "/workspace/cargo-home/bin/cargo" "+af3c6e733a40e671550e0f0f5aeecaa13772ba56" "fetch" "--locked" "--manifest-path" "Cargo.toml", kill_on_drop: false }`
[INFO] running `Command { std: "docker" "create" "-v" "/var/lib/crater-agent-workspace/builds/worker-8/target:/opt/rustwide/target:rw,Z" "-v" "/var/lib/crater-agent-workspace/builds/worker-8/source:/opt/rustwide/workdir:ro,Z" "-v" "/var/lib/crater-agent-workspace/cargo-home:/opt/rustwide/cargo-home:ro,Z" "-v" "/var/lib/crater-agent-workspace/rustup-home:/opt/rustwide/rustup-home:ro,Z" "-e" "SOURCE_DIR=/opt/rustwide/workdir" "-e" "CARGO_TARGET_DIR=/opt/rustwide/target" "-e" "CARGO_HOME=/opt/rustwide/cargo-home" "-e" "RUSTUP_HOME=/opt/rustwide/rustup-home" "-w" "/opt/rustwide/workdir" "-m" "1610612736" "--user" "0:0" "--network" "none" "rustops/crates-build-env@sha256:d92eaeed33fa75130ca1ee6c8a01d1ffb62bac859dfdfb3450e3e5d1c0146529" "/opt/rustwide/cargo-home/bin/cargo" "+af3c6e733a40e671550e0f0f5aeecaa13772ba56" "metadata" "--no-deps" "--format-version=1", kill_on_drop: false }`
[INFO] [stderr] WARNING: Your kernel does not support swap limit capabilities or the cgroup is not mounted. Memory limited without swap.
[INFO] [stdout] 552b4d9dbd7029a808553341fa77bc2e84a2afcf500137aa8f85b50715604701
[INFO] running `Command { std: "docker" "start" "-a" "552b4d9dbd7029a808553341fa77bc2e84a2afcf500137aa8f85b50715604701", kill_on_drop: false }`
[INFO] running `Command { std: "docker" "inspect" "552b4d9dbd7029a808553341fa77bc2e84a2afcf500137aa8f85b50715604701", kill_on_drop: false }`
[INFO] running `Command { std: "docker" "rm" "-f" "552b4d9dbd7029a808553341fa77bc2e84a2afcf500137aa8f85b50715604701", kill_on_drop: false }`
[INFO] [stdout] 552b4d9dbd7029a808553341fa77bc2e84a2afcf500137aa8f85b50715604701
[INFO] running `Command { std: "docker" "create" "-v" "/var/lib/crater-agent-workspace/builds/worker-8/target:/opt/rustwide/target:rw,Z" "-v" "/var/lib/crater-agent-workspace/builds/worker-8/source:/opt/rustwide/workdir:ro,Z" "-v" "/var/lib/crater-agent-workspace/cargo-home:/opt/rustwide/cargo-home:ro,Z" "-v" "/var/lib/crater-agent-workspace/rustup-home:/opt/rustwide/rustup-home:ro,Z" "-e" "SOURCE_DIR=/opt/rustwide/workdir" "-e" "CARGO_TARGET_DIR=/opt/rustwide/target" "-e" "CARGO_INCREMENTAL=0" "-e" "RUST_BACKTRACE=full" "-e" "RUSTFLAGS=--cap-lints=forbid" "-e" "CARGO_HOME=/opt/rustwide/cargo-home" "-e" "RUSTUP_HOME=/opt/rustwide/rustup-home" "-w" "/opt/rustwide/workdir" "-m" "1610612736" "--user" "0:0" "--network" "none" "rustops/crates-build-env@sha256:d92eaeed33fa75130ca1ee6c8a01d1ffb62bac859dfdfb3450e3e5d1c0146529" "/opt/rustwide/cargo-home/bin/cargo" "+af3c6e733a40e671550e0f0f5aeecaa13772ba56" "check" "--frozen" "--all" "--all-targets" "--message-format=json", kill_on_drop: false }`
[INFO] [stdout] eec24d4596e26a7e7d9d436bb25bb6b95ab133cef086568946d0dd7f38c9ad3d
[INFO] [stderr] WARNING: Your kernel does not support swap limit capabilities or the cgroup is not mounted. Memory limited without swap.
[INFO] running `Command { std: "docker" "start" "-a" "eec24d4596e26a7e7d9d436bb25bb6b95ab133cef086568946d0dd7f38c9ad3d", kill_on_drop: false }`
[INFO] [stderr]    Compiling semver v0.1.20
[INFO] [stderr]     Checking scheduled-thread-pool v0.2.0
[INFO] [stderr]    Compiling rustc_version v0.1.7
[INFO] [stderr]    Compiling strcursor v0.2.5
[INFO] [stderr]    Compiling scan-rules v0.2.0
[INFO] [stderr]     Checking rust_test v0.1.0 (/opt/rustwide/workdir)
[INFO] [stdout] warning: `...` range patterns are deprecated
[INFO] [stdout]   --> src/main.rs:60:30
[INFO] [stdout]    |
[INFO] [stdout] 60 |                     Ok(n @ 0 ... 36) => Ok(BetType::Number(n)),
[INFO] [stdout]    |                              ^^^ help: use `..=` for an inclusive range
[INFO] [stdout]    |
[INFO] [stdout]    = note: `#[warn(ellipsis_inclusive_range_patterns)]` on by default
[INFO] [stdout] 
[INFO] [stdout] 
[INFO] [stdout] warning: `...` range patterns are deprecated
[INFO] [stdout]   --> src/main.rs:76:19
[INFO] [stdout]    |
[INFO] [stdout] 76 |                 0 ... 36 => Ok(Pocket { pocket_number }),
[INFO] [stdout]    |                   ^^^ help: use `..=` for an inclusive range
[INFO] [stdout] 
[INFO] [stdout] 
[INFO] [stdout] error[E0204]: the trait `Copy` may not be implemented for this type
[INFO] [stdout]   --> src/main.rs:21:21
[INFO] [stdout]    |
[INFO] [stdout] 21 |     #[derive(Debug, Copy, Clone)]
[INFO] [stdout]    |                     ^^^^
[INFO] [stdout] 22 |     struct Player {
[INFO] [stdout] 23 |         name: String,
[INFO] [stdout]    |         ------------ this field does not implement `Copy`
[INFO] [stdout] 24 |         amount: u32,
[INFO] [stdout] 25 |         bets: Vec<Bet>,
[INFO] [stdout]    |         -------------- this field does not implement `Copy`
[INFO] [stdout]    |
[INFO] [stdout]    = note: this error originates in a derive macro (in Nightly builds, run with -Z macro-backtrace for more info)
[INFO] [stdout] 
[INFO] [stdout] 
[INFO] [stdout] error[E0204]: the trait `Copy` may not be implemented for this type
[INFO] [stdout]    --> src/main.rs:152:21
[INFO] [stdout]     |
[INFO] [stdout] 152 |     #[derive(Debug, Copy, Clone)]
[INFO] [stdout]     |                     ^^^^
[INFO] [stdout] ...
[INFO] [stdout] 155 |         players: Vec<Player>,
[INFO] [stdout]     |         -------------------- this field does not implement `Copy`
[INFO] [stdout]     |
[INFO] [stdout]     = note: this error originates in a derive macro (in Nightly builds, run with -Z macro-backtrace for more info)
[INFO] [stdout] 
[INFO] [stdout] 
[INFO] [stdout] error: aborting due to 2 previous errors; 2 warnings emitted
[INFO] [stdout] 
[INFO] [stdout] 
[INFO] [stdout] For more information about this error, try `rustc --explain E0204`.
[INFO] [stdout] 
[INFO] [stderr] error: could not compile `rust_test`.
[INFO] [stderr] 
[INFO] [stderr] To learn more, run the command again with --verbose.
[INFO] [stderr] warning: build failed, waiting for other jobs to finish...
[INFO] [stdout] warning: `...` range patterns are deprecated
[INFO] [stdout]   --> src/main.rs:60:30
[INFO] [stdout]    |
[INFO] [stdout] 60 |                     Ok(n @ 0 ... 36) => Ok(BetType::Number(n)),
[INFO] [stdout]    |                              ^^^ help: use `..=` for an inclusive range
[INFO] [stdout]    |
[INFO] [stdout]    = note: `#[warn(ellipsis_inclusive_range_patterns)]` on by default
[INFO] [stdout] 
[INFO] [stdout] 
[INFO] [stdout] warning: `...` range patterns are deprecated
[INFO] [stdout]   --> src/main.rs:76:19
[INFO] [stdout]    |
[INFO] [stdout] 76 |                 0 ... 36 => Ok(Pocket { pocket_number }),
[INFO] [stdout]    |                   ^^^ help: use `..=` for an inclusive range
[INFO] [stdout] 
[INFO] [stdout] 
[INFO] [stdout] error[E0204]: the trait `Copy` may not be implemented for this type
[INFO] [stdout]   --> src/main.rs:21:21
[INFO] [stdout]    |
[INFO] [stdout] 21 |     #[derive(Debug, Copy, Clone)]
[INFO] [stdout]    |                     ^^^^
[INFO] [stdout] 22 |     struct Player {
[INFO] [stdout] 23 |         name: String,
[INFO] [stdout]    |         ------------ this field does not implement `Copy`
[INFO] [stdout] 24 |         amount: u32,
[INFO] [stdout] 25 |         bets: Vec<Bet>,
[INFO] [stdout]    |         -------------- this field does not implement `Copy`
[INFO] [stdout]    |
[INFO] [stdout]    = note: this error originates in a derive macro (in Nightly builds, run with -Z macro-backtrace for more info)
[INFO] [stdout] 
[INFO] [stdout] 
[INFO] [stdout] error[E0204]: the trait `Copy` may not be implemented for this type
[INFO] [stdout]    --> src/main.rs:152:21
[INFO] [stdout]     |
[INFO] [stdout] 152 |     #[derive(Debug, Copy, Clone)]
[INFO] [stdout]     |                     ^^^^
[INFO] [stdout] ...
[INFO] [stdout] 155 |         players: Vec<Player>,
[INFO] [stdout]     |         -------------------- this field does not implement `Copy`
[INFO] [stdout]     |
[INFO] [stdout]     = note: this error originates in a derive macro (in Nightly builds, run with -Z macro-backtrace for more info)
[INFO] [stdout] 
[INFO] [stdout] 
[INFO] [stdout] error: aborting due to 2 previous errors; 2 warnings emitted
[INFO] [stdout] 
[INFO] [stdout] 
[INFO] [stdout] For more information about this error, try `rustc --explain E0204`.
[INFO] [stdout] 
[INFO] [stderr] error: build failed
[INFO] running `Command { std: "docker" "inspect" "eec24d4596e26a7e7d9d436bb25bb6b95ab133cef086568946d0dd7f38c9ad3d", kill_on_drop: false }`
[INFO] running `Command { std: "docker" "rm" "-f" "eec24d4596e26a7e7d9d436bb25bb6b95ab133cef086568946d0dd7f38c9ad3d", kill_on_drop: false }`
[INFO] [stdout] eec24d4596e26a7e7d9d436bb25bb6b95ab133cef086568946d0dd7f38c9ad3d
